*s - 5*s + 102 = 3*a, -s - 34 = -a. Let n = -12 + a. Suppose -2*b - 9*b = -n. Calculate the highest common divisor of b and 2.
2
Suppose 55 + 41 = 4*j. Suppose 3*g - 2*f = -0 + j, -24 = -3*g + 4*f. Suppose -70*z - 60*z + 2156 = -81*z. Calculate the greatest common factor of z and g.
4
Let b = -2329 + 4221. Calculate the greatest common factor of b and 44.
44
Let n be (2/4)/(23/1472). Let p(r) = r**3 - 10*r**2 + 6*r - 12. Let a be 205/20 + 2/(-8). Let k be p(a). What is the highest common factor of k and n?
16
Suppose -3*r = -12, 4*i = 5*i + 4*r - 22. Let m(w) = -w + i*w - 38 - 10*w. Let z be m(-14). What is the highest common factor of z and 16?
16
Suppose -9 + 15 = -3*k, -2*k = -5*n - 21. Let q be n - (-45)/10 - 106/(-4). Let y(p) = 144*p - 2. Let l be y(2). What is the highest common factor of q and l?
26
Suppose 3*z + 9 = -3*l, -8 = 4*l + 3*z - 0. Suppose 4*r - 134 = o, 4*r - 2*o = 33 + 107. Calculate the highest common factor of r and l.
1
Suppose 5*n - 3*c = 41 + 9, -4*n = 4*c - 40. Suppose 0 = -78*u + 16*u + 9920. Calculate the greatest common factor of n and u.
10
Let i be -3 + (68*3 - -3). Suppose -62 = 2*q - i. Suppose q*c - 76*c + 855 = 0. Calculate the greatest common divisor of c and 19.
19
Let q = -771 + 5776. Calculate the highest common factor of q and 390.
65
Suppose -29*x = -26*x - 12, 3*x = -t + 125. Calculate the highest common factor of 14803 and t.
113
Let y(n) = -145*n**3 + n + 1. Let p be y(-1). Suppose -30*d + 145 = -d. What is the greatest common factor of d and p?
5
Let h = 19785 - 19775. Calculate the highest common divisor of h and 10250.
10
Let i be 21/2*(-240)/(-9). Suppose -2*h - 2*b + i = 0, -2*h - 4*b + 155 = -h. What is the greatest common divisor of h and 81?
27
Let t = 593 + -362. Suppose -378 = -i - 17*i. What is the highest common factor of i and t?
21
Let t = -1233 + 1839. Let p = t - 589. What is the greatest common factor of p and 51?
17
Let b = -42565 + 49940. Calculate the greatest common factor of b and 500.
125
Suppose 5*i - 15 - 220 = 8*d, 0 = -4*i - 3*d + 235. Calculate the greatest common factor of i and 790.
5
Suppose 6 = -2*j - 4*j. Let r be 2 - 0 - 1/(j/84). Suppose 4*x = s - 52, -r - 42 = -4*s - 4*x. What is the greatest common divisor of 90 and s?
18
Let v = -2943 + 3281. Calculate the greatest common divisor of 78 and v.
26
Suppose 103 = u - 2*l, 5*l = 4*u + l - 416. Suppose 0 = -3*v - 3*c + u, 0 = 4*v - 3*c - 41 - 134. Calculate the highest common divisor of v and 220.
20
Let t be ((-2)/(-10) - 172809/45)/(6/(-18)). What is the highest common factor of 90 and t?
90
Let x(w) = 194*w + 224. Let v be x(14). Suppose -9*l + 4710 = -v. Calculate the greatest common factor of l and 50.
50
Suppose 285*z + 60 - 773 = 142. Let r(s) = s + 8. Let y be r(-5). What is the highest common divisor of z and y?
3
Let b(v) = -182 + 2*v + 240 - 5*v. Let u be b(6). What is the greatest common divisor of u and 15?
5
Let k = -225 + 235. Let i be 726 - (-1 + -2 + -1)*1. What is the highest common divisor of k and i?
10
Let m(g) = 115*g + 15. Let c(a) = -115*a - 14. Let i(z) = 4*c(z) + 5*m(z). Let v be i(3). Calculate the highest common factor of v and 56.
28
Suppose 7*c - 12*c = 2*q - 22, -c = -5*q + 1. Suppose 134 = c*t - 98. What is the greatest common factor of 406 and t?
58
Suppose -148*g - 6241 = -7977 - 20760. Calculate the highest common factor of g and 1178.
38
Let u be (-17)/((-119)/42)*(1 - 2) + 4164. Calculate the greatest common factor of 18 and u.
18
Suppose 5*f - 49 = -3*y, -5*f + y + 37 = -0*f. Suppose f*z - 80 = -32. What is the greatest common factor of 618 and z?
6
Suppose -5*a + 123 = 3*i, -3*a + 65 = 56. Calculate the greatest common factor of i and 6228.
36
Let k be (-1624)/(-35) - 4/10. Let c = k - 50. Let d(h) = -2*h**3 - 8*h**2 - 10*h + 1. Let w be d(c). Calculate the greatest common divisor of 369 and w.
41
Suppose 7*i - 24 = -i. Suppose -6*s = 5*o - i*s - 458, 4*o + 4*s = 368. Calculate the greatest common divisor of o and 13.
13
Suppose -5*a = 0, 0 = 16*p - 19*p - 2*a + 12. Suppose 0 = -p*u + 2*z + 64, 12*u - 7*u - 77 = 4*z. What is the highest common divisor of u and 2?
1
Let j = 12 + 10. Suppose 0 = i + 87 - 81. Let m = i + 28. What is the highest common factor of m and j?
22
Let x = -306 + 209. Let z = 112 - x. What is the greatest common factor of z and 11?
11
Let f(i) = 653*i + 5. Let t(c) = -1958*c - 16. Let w(q) = -11*f(q) - 4*t(q). Let y be w(1). Calculate the greatest common divisor of 47 and y.
47
Let d be (-102)/170 + (-565)/(-25). What is the highest common divisor of d and 2882?
22
Let u be ((-1)/(-9))/(3*(-10)/(-1890)). Calculate the greatest common factor of u and 6986.
7
Let n(i) = -i**3 - 11*i**2 - 16*i - 40. Let v be n(-7). Let o = v + 179. Calculate the greatest common divisor of 5 and o.
5
Let d = -3065 + 3775. What is the highest common factor of 30 and d?
10
Let l(w) = w**3 + 7*w + 2. Let t be l(5). Suppose t - 156 = 2*y. Suppose 320 = 2*q + y*q. What is the highest common factor of 32 and q?
32
Suppose 64*x - 3*s + 1058 = 68*x, 0 = -2*x - s + 530. What is the highest common factor of x and 112?
14
Let h = -3310 + 3460. Calculate the highest common factor of 110 and h.
10
Let s(c) = 48*c**2 - 21*c - 12. Let z be s(10). What is the highest common divisor of z and 28?
14
Let a(h) = -427*h**2 - 4949*h - 2. Let o be a(-11). Calculate the highest common divisor of o and 70.
10
Let c = 102 - 75. Suppose 32*w - 660 = c*w. Let h(z) = z + 2. Let k be h(10). What is the highest common factor of k and w?
12
Let l(f) = 20*f**2 - 23*f - 76. Let d be l(-2). Suppose -2*y + 3*a + 12 = -22, y + 3*a = 26. What is the greatest common factor of d and y?
10
Let q be 713 + 1 + (-35 - 918/(-27)). Calculate the greatest common divisor of 217 and q.
31
Let b = 1143 - 412. Suppose 5*t - o = o + 79, 2*t = -4*o + 46. Calculate the greatest common factor of b and t.
17
Suppose -3*m - 5*w + 27 = 0, -4*m + 3*w + 13 = 6. Suppose 5*t + 2*p = p + 213, -2*p + 174 = m*t. Calculate the highest common factor of t and 28.
14
Suppose 14*s = 7*s + 518. Suppose -5*t + 10 = 0, 2*z - 433 - 609 = -3*t. What is the highest common factor of s and z?
74
Let o be (15 - 11) + 1/3*3. Suppose -o*f + 504 = f. What is the highest common divisor of 21 and f?
21
Let c = -27 - -24. Let b(g) = -6*g**2 - 6*g + 2. Let j be b(c). Let q be (-51)/j + 35/2. What is the highest common factor of 38 and q?
19
Let o be 13/((-182)/(-1232)) - -2. Suppose 0 = -4*n + 8 - 0. Suppose o = 4*h + n*b, 5*b - b = 20. What is the greatest common divisor of h and 30?
10
Let c be (-1 - (-755)/30) + (-5)/(-6). Suppose 2*s - 3*s = -3. Suppose 4*x = -4*h + 92, -83 = -s*h + 4*x - 0*x. Calculate the highest common factor of h and c.
25
Suppose 0 = 27*u - 16*u - 2013. Let n = u + -168. Let p be (-9)/(-1)*1/1. What is the highest common factor of p and n?
3
Let q(y) = -48*y - 91. Let t be q(-2). Suppose 65 = 3*k + 5*h, t*h + 246 = 5*k + 71. Calculate the highest common divisor of k and 12.
6
Suppose 3*u + 4*k = -u + 1196, 3*k = -2*u + 602. Suppose 2*b = -4*r + 240, -90 + 33 = -r + b. Calculate the greatest common factor of u and r.
59
Let h(y) = 18*y + 396. Let x be h(-8). What is the highest common factor of 27 and x?
9
Let u = 639 + -428. Let w = u + -111. Calculate the greatest common divisor of 4 and w.
4
Suppose -709065 = -2088*z + 2025*z. Calculate the highest common divisor of 5 and z.
5
Let a = 649 - 634. Suppose 2*h = -4*f + h + 107, 0 = 5*h - a. What is the highest common divisor of f and 234?
26
Suppose 11336 = -6*q + 20*q - 16356. What is the greatest common factor of 184 and q?
46
Let y(n) = n + 6*n + 548 - 482 + 4*n**2 + 9*n. Let w be y(-4). What is the highest common factor of w and 22?
22
Let j = 2 - -18. Let o(h) = h**2 + h + 7. Let i be o(-4). Suppose -i*w = -9*w - 500. What is the highest common divisor of j and w?
10
Let c(d) be the second derivative of 2*d**3/3 - 17*d**2 - 47*d. Let v be c(12). What is the greatest common divisor of 126 and v?
14
Let n(d) = d**2 + 17*d + 36. Let b be n(-15). Suppose 4*p - 22 = j - 6*j, 2*p = -5*j + b. Suppose p*z = 4*z + 32. What is the highest common factor of z and 4?
4
Let o(z) = -z**3 + 4*z**2 + z - 1. Let m be o(4). Let a be ((-28)/(-12))/7*m. Let f(b) = b**2 - 8. Let s be f(3). What is th